**3 + 7*b**2 - 8*b + 9*b - 41*b**3. Calculate c(k).
-5
Let q be 2/4*-2 - 4. Let y(c) = -3*c**3 - 3*c**2 - c + 5. Let r(b) = b**3 - b**2 + b. Let t(j) = 2*r(j) + y(j). What is t(q)?
0
Let b(f) = 5*f - 3. Let n be 0/(-3) + 6/1. Suppose u - 14 = -2*g, -n*g = -3*u - g - 13. Determine b(u).
17
Let o(g) = g + 7. Suppose f - 2 = -0. Let y(r) = -5*r - 3*r + f*r - 15 - 21. Let x(l) = 11*o(l) + 2*y(l). What is x(0)?
5
Let j(u) = -3 + 7 - 5 + 6 + 8 + 3*u. What is j(-7)?
-8
Let a(n) = -n**2 - n + 2. Let s(w) = -w**3 + w**2 + 1. Let m(k) = 0 + k + 5 - 5*k**3 + 4*k**3 + k**2. Let g(t) = m(t) - 2*s(t). Let z be g(0). What is a(z)?
-10
Let g(c) be the second derivative of c**4/12 + c**3/2 + c**2 - 7*c. What is g(-2)?
0
Let t(o) be the second derivative of o**4/12 + o**2 + 7*o. Suppose 0 = -i + 5*i - 8. Determine t(i).
6
Suppose 46 = 4*k - 6. Let v be -16 + k - (-8 + 1). Suppose 0 = o - 2*s - v, -o + 5*s + 20 = 4*o. Let f(y) = y**3 - 4*y**2 - y - 4. What is f(o)?
-8
Suppose 0 = 14*b - 18*b - 4. Let w(f) = -9*f - 7. Let q be w(b). Let y(g) be the third derivative of g**5/30 + g**4/12 - g**3/3 - g**2. What is y(q)?
10
Let q(r) = r - 2. Let v(h) = -8*h - 45. Let u be v(-7). What is q(u)?
9
Suppose 0 = -2*j + k - 7 - 0, -4*j - 9 = 3*k. Let g be 0/(0 + 4) + (-18)/j. Let n(c) = -c**2 + 5*c + 5. Determine n(g).
-1
Let l(p) = p - 16. Let v be l(19). Let d(w) = -7 + 5 - w**2 + 2 - 7*w + v. Calculate d(-8).
-5
Let i(w) = 6*w**2 - w - 1. Let o be (0 - -1)*(5 + -2). Suppose -h = -5*d - 14, h = o*h + 5*d + 17. Give i(h).
6
Let v(w) = -3*w**2 - 7*w + 3. Let s be ((-44)/7 - -2) + (-26)/(-91). Determine v(s).
-17
Suppose 4*s + t = -0*t + 6, 0 = s + t. Let c(k) = -1 + 9*k**2 - k**3 - 4*k**2 - 2*k + 2*k. Give c(s).
11
Let a(g) be the first derivative of 24*g + 1/4*g**4 + 31 + 1/2*g**2 + 1/3*g**3. What is a(0)?
24
Suppose -p = -5*n + 17, n = -n + 2*p + 10. Suppose n*o - 14 = o - 5*v, -16 = -3*o - 5*v. Let k(h) = h**3. Determine k(o).
8
Let h(g) = -g**3 - 6*g**2 + 6*g. Suppose 2*d = o + 82, -2*d + 5*d - 4*o = 118. Let p = d + -49. Give h(p).
7
Let s(i) = -9*i + 2. Let l(h) = 4*h - 1. Let r(f) = -13*l(f) - 6*s(f). Let u be r(1). Suppose -u*x + 0*x = 0. Let w(n) = -n**3 + n**2 - n + 2. What is w(x)?
2
Let q(r) = 11*r - 47. Let i be q(4). Let b(w) = -3*w**2 - 4*w - 4. Let c(o) = -o**2 + o. Let u(v) = b(v) - c(v). What is u(i)?
-7
Suppose 2*a - 4 = 3*a. Let r(l) be the third derivative of l**5/60 + l**4/8 - l**3/6 + 9*l**2. Give r(a).
3
Let v(l) = 5*l + 20. Let q(b) = 2*b + 7. Let c(d) = -17*q(d) + 6*v(d). Let t = 337 - 334. Determine c(t).
-11
Let p be (-602)/(-49) - (-2)/(-7). Let h(o) = 0*o - p*o + 11*o + 6*o**2. Suppose -3 = 6*y - 9*y. Determine h(y).
5
Let q(k) = -k**3 + 9*k**2 - 6*k - 10. Suppose -w + 3 = -z, 13*z - 6 = -2*w + 10*z. Suppose b + 2 = 0, -w*b = -t - 4*t + 46. Give q(t).
6
Let u(l) = 5*l**3 + 14*l**2 + l - 18. Let k(b) = -4*b**3 - 13*b**2 + 16. Let f(w) = -4*k(w) - 3*u(w). Determine f(-10).
20
Let z(p) = -2*p**2 - 2*p. Suppose -13*m + 9 = -16*m. Give z(m).
-12
Let u(t) = -22*t + 70. Let w be u(3). Let a(z) = -z**3 + z**2 + 5*z + 3. Calculate a(w).
-25
Let q(x) = 6*x + 5. Let h(r) = 8*r - 30. Let s be h(3). What is q(s)?
-31
Let p(n) = 26 + 12 - 7*n - 18*n + n**2 + 3 + 5*n. Give p(17).
-10
Let f be 10*(6/8 - (-45)/(-36)). Let j(b) be the first derivative of b**2/2 - 5*b + 1. Determine j(f).
-10
Let n(s) = 3*s + 7. Let b = 260 + -265. Calculate n(b).
-8
Let t(a) = a**3 - 15*a**2 + 14*a - 5. Suppose 5 - 51 = -4*k - 5*u, -66 = -5*k - 2*u. Determine t(k).
-5
Let b(r) = 8 + 53*r - 21*r - 22*r - 17*r. Give b(-6).
50
Let s(f) = -f**3 + 7*f**2 - 4*f + 8. Let u(z) = 3*z**2 + 9*z + 7. Suppose -w - 10 = 2*x + x, -5*w - 20 = 5*x. Let y be u(x). What is s(y)?
-20
Let u(t) = -5*t - 5*t + 0*t + 6*t. What is u(1)?
-4
Let p(u) = 3*u + 18. Suppose -9*y = -32*y - 184. What is p(y)?
-6
Let p(r) = -r**3 + r - 1. Let j = -1 + 13. Suppose -3*z + 3*g = 39, -g = -4*g + 6. Let i = j + z. Calculate p(i).
-1
Suppose 0 = 4*t - 2*r - 14 + 2, 12 = 4*t + 3*r. Let z(k) be the third derivative of 0*k + 3*k**2 + 0 - 1/60*k**5 - 1/6*k**t - 1/4*k**4. Determine z(-6).
-1
Suppose 0 = b + 9 - 8. Let l(o) = -o**3 - o**2 + 1. Determine l(b).
1
Let g = -16 - -43. Suppose -3 = -6*a + g. Suppose t + 6 = -a*t. Let r(u) = -5*u - 1. What is r(t)?
4
Suppose -4*l = -l - s - 22, -4*l = -3*s - 26. Let c(o) = -15*o - 1 + 0*o + 8*o + l*o. What is c(6)?
5
Let m be 2/(-6) - 48/(-9). Let x(b) = b**2 - 5*b + 5. Let k be x(m). Let q(h) = -h - 1. Calculate q(k).
-6
Let y = -3 + 2. Let n(v) = -3*v + 112*v**2 + 112*v**2 - 2 - 227*v**2. Let p be n(y). Let q(a) = a**3 + a**2 + 4*a + 3. Give q(p).
-9
Let h(x) be the first derivative of -x**4/12 + x**3/2 - 4*x**2 - 8. Let s(a) be the second derivative of h(a). Let n be 1/(-3)*-3*3. Calculate s(n).
-3
Let b(d) = -d + 4. Suppose -5*c - 3*w + 11 = 0, 5*c - 2*w - 3*w = 35. Let g be b(c). Let v(k) = k + 6*k**2 - 6*k**2 - 2 + 4 - k**2. What is v(g)?
2
Let t(q) = -11*q + 1. Let b(y) = -y**2 + 7*y + 45. Let h be b(-4). What is t(h)?
-10
Let h(q) = 5*q**2 + q. Let r = -9 + 12. Suppose r - 2 = u. Determine h(u).
6
Let w(v) = 2*v**2 - 2*v + 6. Let t(s) be the second derivative of -5*s**4/12 + 5*s**3/6 - 17*s**2/2 + 6*s. Let u(o) = -3*t(o) - 8*w(o). Determine u(0).
3
Let l be ((-19 + -2)*2/6)/1. Let d(h) = h**2 + 10*h + 7. What is d(l)?
-14
Let b(d) = 1 - 36*d - 37*d + d**3 + 77*d + 6*d**2. Suppose -13 = -q - 4*r, -3*q - 5 = -3*r + 4*r. What is b(q)?
16
Let h(u) = -3*u**2 - 1 + 0 + 4*u**2 - 5*u. Let o(j) = -2*j + 26. Let m be (-6 - -4) + -2 + 15. Let p be o(m). Calculate h(p).
-5
Let u(c) = 4*c - 8 - 9*c + 0*c + 4*c. Let k(b) = b + 7. Let w(h) = 4*k(h) + 3*u(h). Give w(3).
7
Let z(q) = 9*q + 8. Let a(j) = -10*j - 9. Let l be 8/(-1) + 3 - 2. Let y(r) = l*z(r) - 6*a(r). Let p(w) = -3*w - 51. Let d be p(-16). Give y(d).
7
Let p(m) = m + 1. Let i(f) be the first derivative of f**3/3 + 3*f**2/2 - 2*f - 22. Let y(n) = -i(n) + 2*p(n). What is y(-4)?
-8
Suppose 2*u = -3*r + 2 - 17, -5*u - 4*r = 34. Let p(n) = 2*n + 9 - 3 + 3 + 3. Let i(d) = -2*d - 11. Let y(k) = 4*i(k) + 3*p(k). Give y(u).
4
Suppose -4*z - 18 = -3*j, 5*j - 7 = 3*j + z. Let k = 1 + j. Let y(w) = 4*w - 1 - 2*w**2 - 2 + 4*w**2 - 3*w**2. Determine y(k).
0
Let n(t) be the third derivative of -t**5/60 + t**3/2 - t**2. Suppose 30*q = -5*b + 26*q + 11, -5*b = 2*q - 13. Calculate n(b).
-6
Let m(r) be the first derivative of -r**3/3 + 8*r**2 + 6*r + 220. Give m(16).
6
Let k(f) = f**2 - f - 9. Let s(n) = -n**2 + 3*n + 9. Let v(j) = 3*k(j) + 2*s(j). Determine v(-5).
1
Let c be 39/15 + (-12)/(-30). Let x(q) be the first derivative of 2*q**2 - 2*q - 5 - 6 + c - 2. What is x(5)?
18
Let j(l) = 8*l - 3. Let c(y) = -16*y + 6. Let b(z) = -4*c(z) - 7*j(z). Let w = 8794 - 8792. Calculate b(w).
13
Let s(c) = -7*c**3 + 5*c**2 - 6*c + 12. Let u(n) = -n**3 - n + 1. Let z(a) = s(a) - 6*u(a). What is z(5)?
6
Let f(x) be the third derivative of x**6/120 - 7*x**5/60 - x**4/6 + 5*x**3/6 + 77*x**2. Determine f(8).
37
Let i = -67 + 75. Let k(p) = 5 - i - 3 - p - 2. Calculate k(0).
-8
Let q be (4 - 1)/((-291)/(-485)). Let n(j) = 4 + j**2 - 7*j + j**2 - j**2. Calculate n(q).
-6
Let b(t) = t**3 - t**2. Let d = 15 - 12. Let c(k) = -4*k**2 + 6*k + 8*k**d + 3*k**2 - 2*k**3 - 11*k**2. Let m(j) = 5*b(j) - c(j). Determine m(6).
0
Let u(r) = r**3 + 2*r**2 - 2*r + 1. Let b be u(1). Let o(j) be the first derivative of 2*j + 1 - 6 - 4*j - j**b. What is o(2)?
-6
Let c(p) = p**3 - 2*p - 1. Let s = -5 - 1. Let w = -4 - s. Suppose 0 = -u + w*u + 2. Determine c(u).
-5
Let s be ((-84)/(-36))/((-1)/(-3)). Let t(x) = 9*x**2 - s*x**2 + 5*x + 0*x + 6. Suppose 4*m = -3*i - 1, -4*i - 6 = m - 22. Calculate t(m).
18
Let k be 1/3*(-90)/(-10). Let i(c) = 0*c**3 + 4*c**k - 1 - 3*c**3 + c**2 + 7*c**3. Calculate i(1).
8
Let j(a) be the third derivative of a**4/24 - 5*a**3/2 + 9*a**2. Calculate j(15).
0
Let r(z) be the third derivative of -z**6/120 + 11*z**5/60 + 13*z**4/24 - 11*z**3/6 - 555*z**2. Determine r(12).
1
Let f(m) = -3*m + 3. Let h(t) = 7*t - 3. Let a(z) = -5*f(z) - 2*h(z). Calculate a(3).
-6
Suppose 13*n - 31 = -96. Let k(t) = 3*t. Determine k(n).
-15
Suppose 14*m - 35 = 9*m. Let v(b) = -b**2 + 7*b - 8 - 8 + m. Calculate v(6).
-3
Suppose 0 = 3*k - 5*b - 5, 4*b - 7 = k - 4. Let f(w